Dec 01 20:20:38.084 INFO testing danreeves/battery-status against master#8940af3cea4a9a9deabcaf843b2f8cad9a83fc61 for beta-1.31-5
Dec 01 20:20:38.084 INFO running `"docker" "create" "-v" "/mnt/big/crater/work/local/target-dirs/beta-1.31-5/worker-3/master#8940af3cea4a9a9deabcaf843b2f8cad9a83fc61:/target:rw,Z" "-v" "/mnt/big/crater/work/local/test-source/worker-3/beta-1.31-5/master#8940af3cea4a9a9deabcaf843b2f8cad9a83fc61:/source:ro,Z" "-v" "/mnt/big/crater/work/local/cargo-home:/cargo-home:ro,Z" "-v" "/mnt/big/crater/work/local/rustup-home:/rustup-home:ro,Z" "-e" "USER_ID=1000" "-e" "SOURCE_DIR=/source" "-e" "USER_ID=1000" "-e" "CMD=cargo +8940af3cea4a9a9deabcaf843b2f8cad9a83fc61-alt build --frozen" "-e" "CARGO_TARGET_DIR=/target" "-e" "CARGO_INCREMENTAL=0" "-e" "RUST_BACKTRACE=full" "-e" "RUSTFLAGS=--cap-lints=warn" "-e" "CARGO_HOME=/cargo-home" "-e" "RUSTUP_HOME=/rustup-home" "-m" "1536M" "--network" "none" "crater"`
Dec 01 20:20:38.607 INFO [stdout] f9c1e9756872624aff0d0442cab88ddb00433a1008ba124d67be821cc8e735ed
Dec 01 20:20:38.610 INFO running `"docker" "start" "-a" "f9c1e9756872624aff0d0442cab88ddb00433a1008ba124d67be821cc8e735ed"`
Dec 01 20:20:39.711 INFO [stderr] usermod: no changes
Dec 01 20:20:39.853 INFO [stderr]    Compiling structopt-derive v0.2.10
Dec 01 20:20:45.435 INFO [stderr]    Compiling structopt v0.2.10
Dec 01 20:20:46.112 INFO [stderr]    Compiling battery-status v0.1.0 (/source)
Dec 01 20:20:46.595 INFO [stderr] error[E0433]: failed to resolve: use of undeclared type or module `utils`
Dec 01 20:20:46.595 INFO [stderr]   --> src/lib.rs:80:26
Dec 01 20:20:46.595 INFO [stderr]    |
Dec 01 20:20:46.595 INFO [stderr] 80 |         let raw_output = utils::get_raw_output();
Dec 01 20:20:46.595 INFO [stderr]    |                          ^^^^^ use of undeclared type or module `utils`
Dec 01 20:20:46.595 INFO [stderr] 
Dec 01 20:20:46.595 INFO [stderr] error[E0433]: failed to resolve: use of undeclared type or module `utils`
Dec 01 20:20:46.595 INFO [stderr]   --> src/lib.rs:81:23
Dec 01 20:20:46.595 INFO [stderr]    |
Dec 01 20:20:46.595 INFO [stderr] 81 |         let percent = utils::get_percent(&raw_output);
Dec 01 20:20:46.595 INFO [stderr]    |                       ^^^^^ use of undeclared type or module `utils`
Dec 01 20:20:46.595 INFO [stderr] 
Dec 01 20:20:46.595 INFO [stderr] error[E0433]: failed to resolve: use of undeclared type or module `utils`
Dec 01 20:20:46.595 INFO [stderr]   --> src/lib.rs:82:22
Dec 01 20:20:46.595 INFO [stderr]    |
Dec 01 20:20:46.595 INFO [stderr] 82 |         let status = utils::get_status(&raw_output);
Dec 01 20:20:46.595 INFO [stderr]    |                      ^^^^^ use of undeclared type or module `utils`
Dec 01 20:20:46.595 INFO [stderr] 
Dec 01 20:20:46.596 INFO [stderr] error: aborting due to 3 previous errors
Dec 01 20:20:46.596 INFO [stderr] 
Dec 01 20:20:46.596 INFO [stderr] For more information about this error, try `rustc --explain E0433`.
Dec 01 20:20:46.611 INFO [stderr] error: Could not compile `battery-status`.
Dec 01 20:20:46.611 INFO [stderr] 
Dec 01 20:20:46.611 INFO [stderr] To learn more, run the command again with --verbose.
Dec 01 20:20:46.616 INFO [stderr] su: No module specific data is present
Dec 01 20:20:47.503 INFO running `"docker" "inspect" "f9c1e9756872624aff0d0442cab88ddb00433a1008ba124d67be821cc8e735ed"`
Dec 01 20:20:47.767 INFO running `"docker" "rm" "-f" "f9c1e9756872624aff0d0442cab88ddb00433a1008ba124d67be821cc8e735ed"`
Dec 01 20:20:48.086 INFO [stdout] f9c1e9756872624aff0d0442cab88ddb00433a1008ba124d67be821cc8e735ed
